 + 0 + (-2 - (-6 - 6)) + -2?
15
Calculate 23 + -7 - (75 - 72).
13
What is the value of -18 - (0 - (10 + -15 + -2 + 8))?
-17
What is (-7 - 1) + 1 + (-169 - -174)?
-2
Calculate 18 - 16 - (23 - 23).
2
-2 - (-6 + 24 + -1)
-19
What is the value of 8 + (-1 - 1) + -23 + -19 + 40?
4
What is (-3 - (-9 - -29)) + (6 - (-6 + 3))?
-14
What is -24 - ((5 + 4 - 16) + 0)?
-17
-8 - (5 + 9) - -9 - (4 - 0)
-17
Evaluate 8 + (-1 - (7 + -4 - 2)).
6
(14 - (0 + 1)) + (33 + -94 - -69)
21
Calculate 10 - (10 - -8) - -13.
5
What is the value of (-9 - -24 - 19) + 19 + -26?
-11
Evaluate -3 + 4 + -8 - (-1 - 6 - 6).
6
What is the value of -12 + 1 - (-70 - -60)?
-1
What is the value of -46 + 25 + 30 + 0?
9
Calculate (5 - 23 - -19) + -11 + -1 + 1.
-10
Calculate 14 + -62 - -60 - (1 + 7 - -1).
3
What is the value of -3 + (-1 - (-26 - -25 - (0 + 0)))?
-3
Calculate (-9 - -1) + (-37 - -10) + 30.
-5
Calculate 0 + 27 + (-25 - -7).
9
What is (-12 - -2) + ((-1 - -7) + 13 - -6)?
15
What is -1 + -1 + 4 + -9 - (11 + -4)?
-14
Evaluate -8 + (5 - 4) + 0 + 3 + -8.
-12
Calculate -2 - (3 - (-5 + 6)) - (-10 - -1).
5
What is 2 - 3 - -8 - 11 - -8?
4
What is 23 + (-20 - 11) - (-8 - -1)?
-1
What is the value of -1 - ((14 - (-11 + 25)) + -6)?
5
-14 - (34 + -33) - (2 + 2 - 2)
-17
Calculate 32 + -19 - (20 - (10 - 4)).
-1
Calculate (-12 - (-17 + 7)) + -1 + 21.
18
What is the value of 8 - (0 + -1 + 8 + -11)?
12
13 + 0 + -1 + -98 + 97
11
(-87 + 93 - (5 + -3 + 2)) + 25
27
What is the value of -3 - (-12 + -15 - -8)?
16
54 - 42 - (3 + -1)
10
What is 16 + -1 + -211 + 196?
0
-2 + 10 + -3 + -13
-8
Calculate -41 - (-14 + 3 + 1) - -12.
-19
-18 + 4 + 11 - -14
11
What is the value of 10 - (14 - 20 - -33)?
-17
What is (-37 - -43) + (0 - 3 - (-9 + 11))?
1
What is the value of -5 - -1 - (-25 + 12) - -14?
23
Calculate (20 - 13) + -7 + -9 - (-11 - -3).
-1
(-718 - -760) + -30 + 0
12
-64 + 15 + 46 + 1 + -2
-4
Evaluate -16 + (-34 + 2 - -48).
0
Calculate 16 - (-5 + -11 - -8).
24
What is the value of 8 + -7 + (13 - -1)?
15
What is the value of (0 - 11) + (-81 - -106)?
14
Calculate 25 + 12 + -31 + -1 + 3.
8
What is the value of 14 - 5 - 1 - -3?
11
Calculate -4 - -9 - (10 + -6 + -2) - 0.
3
Calculate -10 - (-4 + (-4 - -1) + 5).
-8
Calculate -6 + 12 + 1 + -1 + -7.
-1
Calculate -7 + 12 - (68 - 72).
9
Evaluate 85 + -94 - (-3 + 2).
-8
Evaluate 11 + -15 + 15 + (-4 - (-3 - -2)).
8
Calculate -14 + 24 + (-12 - 1) - (-13 - -1).
9
Calculate (-21 - 0) + -9 + (6 + -6 - -2).
-28
(0 - -3) + 2 - (29 + -21)
-3
Calculate (16 - 2) + -19 + 12.
7
Evaluate 18 + 11 + -60 - -47.
16
Evaluate 266 + -302 + (8 - 2).
-30
Evaluate 3 + -242 + 230 + (-1 - -22) + -15.
-3
What is (-4 + 16 + -18 - (-1 + -1)) + 15?
11
What is the value of 64 + -45 - (12 + 0) - 2?
5
39 - (34 - (1 - -2))
8
What is the value of 2 + 1 - (5 - (2 + -12) - 3)?
-9
What is the value of -10 + 6 - (-7 - (-3 - (7 + -20)))?
13
What is (-25 - -3) + 7 + 2 + (6 - 2)?
-9
Calculate -43 - 1 - (-1710 + 1660).
6
Calculate 8 + (12 - 20) - 5.
-5
-3 - ((-4 - (-2 - 10)) + -8) - -27
24
Evaluate (8 - 15) + 15 + -4.
4
49 - 43 - (-3 + 1) - 4 - -22
26
What is -23 + 11 + -11 + 10 - (-9 + 1)?
-5
What is the value of -9 + 4 + (-9 - -8) + 3?
-3
What is the value of -1 + 9 + (-3 - -2) + (-23 - 4)?
-20
What is (37 + 0 - -4) + -32?
9
Evaluate (4 - -3 - 2) + (-33 - -20) + 12.
4
Calculate (-6 - (-5 + 6)) + -12 + 43 - 3.
21
What is the value of (7 - 6) + (12 - 15) - -2?
0
What is the value of (7 - (-2 + 4)) + 1 + (34 - 35)?
5
5 - ((-11 - -12) + 10)
-6
1 + -4 + -4 + -1 + 7 + -10
-11
Calculate (-6 - 1) + (3 - -4) + (-15 - -30).
15
What is (-12 - (-13 - 1)) + -2 + 23?
23
What is the value of -15 + 8 + (-27 - -19)?
-15
What is 48 + -16 - 35 - (-1 - (3 + 0))?
1
Evaluate 28 - (7 + (-12 - -11)).
22
Evaluate (-2 - 10) + (-168 - -184).
4
8 - (-18 + 12 + 4 + -11)
21
Evaluate 20 + -33 - -30 - -4.
21
Calculate -16 + -14 + (19 - 8) + 3.
-16
Calculate 4 + -1 + -2 - (-23 + 11 + 13).
0
-17 - -40 - 18 - (2 - 0)
3
Calculate (-3 - 3) + -102 + 103.
-5
What is the value of 1 + (9 - 2) + -22 + 36?
22
(-7 - -5) + 5 + -3 - 2
-2
What is 5 + (1 - 1 - (36 - (-5 + 33)))?
-3
Evaluate 0 + -14 + 8 + 7.
1
What is (-12 - -17) + -1 - -10?
14
What is 14 + -15 + 6 + (9 - 13)?
1
What is the value of -6 - (2 + -2 - (5 + -5)) - 11?
-17
Calculate 9 + -12 - (-3 + -3 + 0).
3
What is (71 + -41 - 20) + 2 + (2 - 1)?
13
What is the value of -18 + (-1 - -4 - (-24 + 20))?
-11
What is -5 + 4 + -2 + (4 - -13) + 2?
16
What is the value of 11 + (-27 - 4) + 7?
-13
Evaluate (0 - -11) + (-13 + 1 - (90 - 94)).
3
10 + 1 + 1 - 13 - (20 + 1)
-22
(125 - 129) + -15 + 4
-15
Calculate (2 - -10) + (-46 - -12).
-22
What is the value of 0 + -6 + 9 + (-10 - -11)?
4
What is -1 + (0 - -6) + -79 + 69?
-5
What is the value of -9 + (6 - (-4 + -2)) + -17?
-14
What is the value of 24 + 1 - 9 - 15?
1
10 - (2 + 6) - 7
-5
-42 + 59 + (-1 - 5)
11
Evaluate -18 + -9 + 13 + 0 + -6.
-20
What is the value of -1 - 7 - (-9 - 1 - -20)?
-18
Calculate 7 + (0 - -5) + (5 - -6 - 14).
9
Calculate 3 - (1 - 8) - (15 - -2).
-7
Evaluate -1081 + 1078 - (2 + 2 + -2).
-5
Evaluate -5 + 0 - (-7 - (2 + -3)).
1
27 - (-9 + 1 + 55 + -35)
15
What is (2 + 1 - 3) + (-3 - (-27 - 4))?
28
Evaluate -13 - (-45 - (-10 - 22)).
0
What is 12 + -20 + 3 - (-10 + 3)?
2
(-24 - -4) + -32 + 42
-10
Calculate -43 + 48 + (-2 - -5) + (0 - 3).
5
1 + -10 + (-4 - (4 + -4 - 15))
2
Evaluate -1 + 2 + -5 - -13 - 18.
-9
What is 13 - (3 - (10 + -2 - (32 + -30)))?
16
Calculate (17 - 20 - -11) + (-2 - 3).
3
What is -23 - (9 + 0 - 17)?
-15
What is -28 + (15 - -9) + 2 + -1?
-3
Evaluate -26 + 22 - (-3 - (-6 - (-2 + 1))).
-6
What is the value of (8 - -1) + -13 + 1 + 0?
-3
-1 + 7 - (-8 - -5 - -5) - 10
-6
What is -14 + (7 - 32 - -7 - -20)?
-12
Calculate (4 - (-9 - (-3 + -3)) - 3) + -7.
-3
Calculate -11 - (3 + (6 - 19)).
-1
What is the value of 23 + -20 + 22 + -47?
-22
What is -10 - (86 + -79) - (-15 - -1)?
-3
Calculate (-36 - -7 - -15 - -1) + 11 + -1.
-3
Calculate -4 + (3 - (2 - -5)) + -3.
-11
Evaluate -1 - ((-10 - (-20 + 3)) + -4 + -9).
5
-3 + (19 - 14) + 1 + 5
8
What is the value of (0 - (2 + -3)) + 25 + -19 + -10?
-3
What is -13 - (10 + (7 - 34)) - 20?
-16
What is the value of (-2 - ((7 - 29) + 17)) + (-22 - 2)?
-21
What is (75 - 40) + -75 - -5?
-35
What is the value of (11 - (-6 - -32)) + 7?
-8
What is -12 + (-9 - -15 - -17)?
11
What is -26 + 33 + -29 + (2 - -4)?
-16
Calculate (51 - (-5 - -30)) + -51.
-25
(0 - 2) + -5 + 3 + -1 - 3
-8
What is (-1 - -6) + (31 + -72 - -35)?
-1
-7 - (4 + (0 + 7 - 16))
-2
Calculate 1 - (14 - 13) - (3 - (-6 + -3)).
-12
What is (-13 - -2) + 29 + -1?
17
What is the value of 4 - (-15 - (-8 + 0)) - 3?
8
Evaluate 2 - 9 - 2 - (4 - 21).
8
What is the value of 2 + -10 - -3 - (2 + (-9 - -2))?
0
Calculate 14 + 8 + 19 + -43.
-2
Evaluate -7 - (1 + -4 + 20 + -13).
-11
Calculate (1808 - 1811) + (9 - (-1 - -1)).
6
What is -4 + (15 + 15 - (9 + 0 + 1))?
16
46 + -29 + (-18 - 1)
-2
Evaluate -6 + (12 - ((7 - 1) + 3) - -2).
-1
What is the value of -29 + 0 + 21 - -20?
12
-10 - 0 - (8 + -4)
-14
2 + 5 - (-15 + 18 - 9)
13
Evaluate -5 + 1 + 17 + -4 + 1 + 3.
13
(-3 - -7) + 0 - (-87 - -83)
8
What is the value of 85 + -89 - (5 - 19)?
10
(0 - 1) + 6 - (554 - 546)
-3
Evaluate 29 - (6 + (12 - -12)).
-1
-6 + (1 - (4 + -3 - -1 - -4))
-11
Evaluate -9 + 6 - (-12 + 0).
9
Calculate 2 + -15 - ((-9 + 6 - -5) + -7).
-8
What is 1 - -9 - 1 - (54 - (-47 + 87))?
-5
What is 16 + (2 + -1 - (4 + 2))?
11
Evaluate 23 + 3 + -2 + (-9 - (0 - 3)).
18
Calculate 10 - (-32 - (-22 - -13) - -12).
21
Calculate -1 + (-4 - -3) + -27 + 26.
-3
Calculate (-254 - -253) + (1 - 0) + 0 + -4.
-4
12 + 1 + -15 + 6 - -33
37
What is (40 - 41) + 13 + -2 + 4?
14
Evaluate 1 + -4 - (-3 + -9) - 8.
1
What is the value of -223 + 225 + (2 - 0)?
4
Evaluate (35 - 34) + (14 - 4).
11
What is (-42 - -9) + -1 + 11 - (-2 + -5)?
-16
What is (2 + 2 + -4 - (-306 - -310)) + -4?
-8
-1 + (-4 - -4) + -1 - -5
3
(-2 - 13) + 265 + -261
-11
Calculate 6 - (-21 + 11) - (-3 - 0).
19
Calculate -4 + 22 - 5 - (0 + 10).
3
What is -21 - (-15 + (10 - 16))?
0
What is the value of -22 - ((0 - -2) + (18 - 4))?
-38
What is 1 + -12 + -1 + (-29 - -31) - -22?
12
What is -16 - (5 - 22) - (-6 + -5)?
12
Calculate -10 - (5 + -4) - (-50 - -58).
-19
Evaluate -11 - 12 - -10 - (-1 - -10).
-22
Calculate 1 + (6 - 0) + -7.
0
Evaluate -216 + 237 + 1 